{"version":"1.0","provider_name":"Term\u00e1l &amp; F\u00fcrd\u0151","provider_url":"https:\/\/termalfurdo.cafeblog.hu","author_name":"Term\u00e1l &amp; F\u00fcrd\u0151","author_url":"https:\/\/termalfurdo.cafeblog.hu\/author\/furdomester\/","title":"B\u00fckf\u00fcrd\u0151i term\u00e1lmacsk\u00e1k","html":"A New Yorkban tal\u00e1lhat\u00f3 Hotel Algonquinban m\u00e1r t\u00f6bb mint 30 \u00e9ves hagyom\u00e1ny a h\u00e1zimacska tart\u00e1sa. Az aktu\u00e1lis sz\u00e1llodai macska \u00e1ltal\u00e1ban a portra k\u00f6r\u00fcl t\u00f6lti a mindennapjait \u00e9s cukiskodik a vend\u00e9geknek. Magyarorsz\u00e1gon is van hasonl\u00f3 macska-sz\u00e1lloda szimbi\u00f3zisra p\u00e9lda, m\u00e9ghozz\u00e1 k\u00e9t term\u00e1lhotelben, r\u00e1ad\u00e1sul mindkett\u0151 B\u00fckf\u00fcrd\u0151n tal\u00e1lhat\u00f3.\r\n\r\nAz egyik hotel legut\u00f3bb ezeket a fot\u00f3kat posztolta a Facebook oldal\u00e1n a sz\u00e1llodai macskakol\u00f3ni\u00e1r\u00f3l:\r\n\r\n<a href=\"https:\/\/termalfurdo.cafeblog.hu\/files\/2015\/02\/bukimacskak1.jpg\"><img class=\"aligncenter size-large wp-image-1518\" src=\"https:\/\/termalfurdo.cafeblog.hu\/files\/2015\/02\/bukimacskak1-600x450.jpg\" alt=\"bukimacskak1\" width=\"600\" height=\"450\" \/><\/a><a href=\"https:\/\/termalfurdo.cafeblog.hu\/files\/2015\/02\/bukimacskak2.jpg\"><img class=\"aligncenter size-large wp-image-1517\" src=\"https:\/\/termalfurdo.cafeblog.hu\/files\/2015\/02\/bukimacskak2-600x450.jpg\" alt=\"bukimacskak2\" width=\"600\" height=\"450\" \/><\/a><a href=\"https:\/\/termalfurdo.cafeblog.hu\/files\/2015\/02\/bukimacskak3.jpg\"><img class=\"aligncenter size-large wp-image-1516\" src=\"https:\/\/termalfurdo.cafeblog.hu\/files\/2015\/02\/bukimacskak3-600x450.jpg\" alt=\"bukimacskak3\" width=\"600\" height=\"450\" \/><\/a> Egy kor\u00e1bbi poszt szerint emeletes lakhely\u00fck is van a term\u00e1lhotel macsk\u00e1inak.\r\n\r\n<a href=\"https:\/\/termalfurdo.cafeblog.hu\/files\/2015\/02\/bukimacskak4.jpg\"><img class=\"aligncenter size-large wp-image-1515\" src=\"https:\/\/termalfurdo.cafeblog.hu\/files\/2015\/02\/bukimacskak4-600x400.jpg\" alt=\"bukimacskak4\" width=\"600\" height=\"400\" \/><\/a> A m\u00e1sik b\u00fckf\u00fcrd\u0151i sz\u00e1llodai macsk\u00e1nak a nev\u00e9t is tudni, Gourang\u00e1nak h\u00edvj\u00e1k \u00e9s sok\u00e1ig <a href=\"http:\/\/caramellmacska.blog.hu\/\" target=\"_blank\">saj\u00e1t blogja<\/a> is volt.\r\n\r\n<a href=\"https:\/\/termalfurdo.cafeblog.hu\/files\/2015\/02\/bukimacska6.jpg\"><img class=\"aligncenter size-large wp-image-1513\" src=\"https:\/\/termalfurdo.cafeblog.hu\/files\/2015\/02\/bukimacska6-541x600.jpg\" alt=\"bukimacska6\" width=\"541\" height=\"600\" \/><\/a>A fekete k\u00f3bormacska m\u00e9g \u00e9vekkel ezel\u0151tt bukkant fel a sz\u00e1llod\u00e1n\u00e1l. Eleinte nem volt t\u00fal bar\u00e1ts\u00e1gos, \u00e1m a sz\u00e1ll\u00f3 egyik t\u00f6rzsvend\u00e9ge m\u00e9gis \u00fagy d\u00f6nt\u00f6tt, hogy mag\u00e1hoz \u00e9desgeti \u00e9s hazaviszi. Ez azonban nem tetszett Gourang\u00e1nak \u00e9s megl\u00f3gott, amikor az aut\u00f3ba akart\u00e1k tenni, ez\u00e9rt ink\u00e1bb nem er\u0151ltett\u00e9k a befog\u00e1st. A macska pedig k\u00e9t nap m\u00falva megjelent a sz\u00e1llod\u00e1n\u00e1l, ahol h\u00e1l\u00e1ja jel\u00e9\u00fcl lerakott egy egeret, s att\u00f3l kezdve m\u00e1r elfogadta a hotel munkat\u00e1rsainak \u00e9s a vend\u00e9geknek is a k\u00f6zeled\u00e9s\u00e9t. \u00cdgy m\u00e1r \u00e9vek \u00f3ta ez a macska a b\u00fcki sz\u00e1lloda h\u00e1zikedvence. L\u00e1tva, hogy mennyire kikerekedett, val\u00f3sz\u00edn\u0171leg j\u00f3l tartj\u00e1k Gourang\u00e1t.\r\n\r\n<a href=\"https:\/\/termalfurdo.cafeblog.hu\/files\/2015\/02\/bukimacska9.jpg\"><img class=\"aligncenter size-large wp-image-1520\" src=\"https:\/\/termalfurdo.cafeblog.hu\/files\/2015\/02\/bukimacska9-600x450.jpg\" alt=\"bukimacska9\" width=\"600\" height=\"450\" \/><\/a><a href=\"https:\/\/termalfurdo.cafeblog.hu\/files\/2015\/02\/bukimacska99.jpg\"><img class=\"aligncenter size-large wp-image-1519\" src=\"https:\/\/termalfurdo.cafeblog.hu\/files\/2015\/02\/bukimacska99-600x600.jpg\" alt=\"bukimacska99\" width=\"600\" height=\"600\" \/><\/a>","type":"rich","thumbnail_url":"https:\/\/termalfurdo.cafeblog.hu\/files\/2015\/02\/bukimacskak1-150x150.jpg","thumbnail_width":150,"thumbnail_height":150}

Termál &amp; Fürdő

Bükfürdői termálmacskák

A New Yorkban található Hotel Algonquinban már több mint 30 éves hagyomány a házimacska tartása. Az aktuális szállodai macska általában a portra körül tölti a mindennapjait és cukiskodik a vendégeknek. Magyarországon is van hasonló macska-szálloda szimbiózisra példa, méghozzá két termálhotelben, ráadásul mindkettő Bükfürdőn található.

Az egyik hotel legutóbb ezeket a fotókat posztolta a Facebook oldalán a szállodai macskakolóniáról:

<a href="https://termalfurdo.cafeblog.hu/files/2015/02/bukimacskak1.jpg"><img class="aligncenter size-large wp-image-1518" src="https://termalfurdo.cafeblog.hu/files/2015/02/bukimacskak1-600x450.jpg" alt="bukimacskak1" width="600" height="450" /></a><a href="https://termalfurdo.cafeblog.hu/files/2015/02/bukimacskak2.jpg"><img class="aligncenter size-large wp-image-1517" src="https://termalfurdo.cafeblog.hu/files/2015/02/bukimacskak2-600x450.jpg" alt="bukimacskak2" width="600" height="450" /></a><a href="https://termalfurdo.cafeblog.hu/files/2015/02/bukimacskak3.jpg"><img class="aligncenter size-large wp-image-1516" src="https://termalfurdo.cafeblog.hu/files/2015/02/bukimacskak3-600x450.jpg" alt="bukimacskak3" width="600" height="450" /></a> Egy korábbi poszt szerint emeletes lakhelyük is van a termálhotel macskáinak.

<a href="https://termalfurdo.cafeblog.hu/files/2015/02/bukimacskak4.jpg"><img class="aligncenter size-large wp-image-1515" src="https://termalfurdo.cafeblog.hu/files/2015/02/bukimacskak4-600x400.jpg" alt="bukimacskak4" width="600" height="400" /></a> A másik bükfürdői szállodai macskának a nevét is tudni, Gourangának hívják és sokáig <a href="http://caramellmacska.blog.hu/" target="_blank">saját blogja</a> is volt.

<a href="https://termalfurdo.cafeblog.hu/files/2015/02/bukimacska6.jpg"><img class="aligncenter size-large wp-image-1513" src="https://termalfurdo.cafeblog.hu/files/2015/02/bukimacska6-541x600.jpg" alt="bukimacska6" width="541" height="600" /></a>A fekete kóbormacska még évekkel ezelőtt bukkant fel a szállodánál. Eleinte nem volt túl barátságos, ám a szálló egyik törzsvendége mégis úgy döntött, hogy magához édesgeti és hazaviszi. Ez azonban nem tetszett Gourangának és meglógott, amikor az autóba akarták tenni, ezért inkább nem erőltették a befogást. A macska pedig két nap múlva megjelent a szállodánál, ahol hálája jeléül lerakott egy egeret, s attól kezdve már elfogadta a hotel munkatársainak és a vendégeknek is a közeledését. Így már évek óta ez a macska a büki szálloda házikedvence. Látva, hogy mennyire kikerekedett, valószínűleg jól tartják Gourangát.

<a href="https://termalfurdo.cafeblog.hu/files/2015/02/bukimacska9.jpg"><img class="aligncenter size-large wp-image-1520" src="https://termalfurdo.cafeblog.hu/files/2015/02/bukimacska9-600x450.jpg" alt="bukimacska9" width="600" height="450" /></a><a href="https://termalfurdo.cafeblog.hu/files/2015/02/bukimacska99.jpg"><img class="aligncenter size-large wp-image-1519" src="https://termalfurdo.cafeblog.hu/files/2015/02/bukimacska99-600x600.jpg" alt="bukimacska99" width="600" height="600" /></a>
