{"version":"1.0","provider_name":"Term\u00e1l &amp; F\u00fcrd\u0151","provider_url":"https:\/\/termalfurdo.cafeblog.hu","author_name":"Term\u00e1l &amp; F\u00fcrd\u0151","author_url":"https:\/\/termalfurdo.cafeblog.hu\/author\/heszler_robert\/","title":"\u00cdgy tehetsz virtu\u00e1lis s\u00e9t\u00e1t a term\u00e1lf\u00fcrd\u0151kben","html":"<strong>J\u00f3 n\u00e9h\u00e1ny term\u00e1lf\u00fcrd\u0151ben otthonr\u00f3l is k\u00f6rben\u00e9zhet\u00fcnk. A H\u00e9v\u00edzen k\u00e9sz\u00fclt k\u00f6rpanor\u00e1m\u00e1s felv\u00e9telek igaz\u00e1n l\u00e1tv\u00e1nyosra siker\u00fcltek.<\/strong>\r\n\r\nA Google Street View szolg\u00e1ltat\u00e1sa r\u00e9v\u00e9n ma m\u00e1r a term\u00e1lf\u00fcrd\u0151k t\u00f6bbs\u00e9g\u00e9nek a k\u00f6rny\u00e9k\u00e9n virtu\u00e1lisan is k\u00f6rbe tudunk n\u00e9zni. Egyre t\u00f6bb helyr\u0151l k\u00e9sz\u00edt bels\u0151 felv\u00e9teleket is a Google, - p\u00e9ld\u00e1ul a F\u0151v\u00e1rosi \u00c1llatkertr\u0151l - de a hazai term\u00e1lf\u00fcrd\u0151k m\u00e9g nincsenek ezek k\u00f6z\u00f6tt.\r\n\r\nViszont szerencs\u00e9re n\u00e9h\u00e1ny f\u00fcrd\u0151r\u0151l el\u00e9rhet\u0151ek k\u00f6rpanor\u00e1m\u00e1s bels\u0151 felv\u00e9telek is. Ezek nagyon praktikusak, hiszen m\u00e1r azel\u0151tt sz\u00e9t tudunk n\u00e9zni egy-egy f\u00fcrd\u0151ben, miel\u0151tt elutazn\u00e1nk az adott helyre. Ugyan nem a Google-f\u00e9le \"l\u00e9peget\u0151s\" megold\u00e1ssal, hanem a f\u00fcrd\u0151k fix pontjain n\u00e9zel\u0151dhet\u00fcnk, de m\u00e9g \u00edgy is j\u00f3pofa funkci\u00f3r\u00f3l van sz\u00f3.\r\n\r\nH\u00e9v\u00edzr\u0151l k\u00e9tf\u00e9le k\u00f6rpanor\u00e1m\u00e1s felv\u00e9telsorozat is rendelkez\u00e9sre \u00e1ll. Egyikben <a href=\"http:\/\/virtual.hevizonline.com\/spa\/#p=schulhof-bejarat\" target=\"_blank\">csak a T\u00f3f\u00fcrd\u0151<\/a>, a m\u00e1sikban az <a href=\"http:\/\/www.3dpano.hu\/Heviz\/tel\/\" target=\"_blank\">\u00fcd\u00fcl\u0151hely egy\u00e9b nevezetess\u00e9gei<\/a> is bej\u00e1rhat\u00f3k. Ut\u00f3bbi k\u00fcl\u00f6nlegess\u00e9ge, hogy v\u00e1ltogathatunk a ny\u00e1ri \u00e9s a t\u00e9li felv\u00e9telek k\u00f6z\u00f6tt. A havas h\u00e9v\u00edzi k\u00e9pek nagyon hangulatosak, ha m\u00e1st nem, akkor <a href=\"http:\/\/www.3dpano.hu\/Heviz\/tel\/\" target=\"_blank\">legal\u00e1bb ezt<\/a> t\u00e9nyleg \u00e9rdemes megn\u00e9zni.\r\n\r\n<a href=\"https:\/\/termalfurdo.cafeblog.hu\/files\/2015\/11\/heviz-virtualis1.jpg\"><img class=\"aligncenter size-large wp-image-2287\" src=\"https:\/\/termalfurdo.cafeblog.hu\/files\/2015\/11\/heviz-virtualis1-600x266.jpg\" alt=\"heviz-virtualis1\" width=\"600\" height=\"266\" \/><\/a><a href=\"https:\/\/termalfurdo.cafeblog.hu\/files\/2015\/11\/heviz-virtualis2.jpg\"><img class=\"aligncenter size-large wp-image-2286\" src=\"https:\/\/termalfurdo.cafeblog.hu\/files\/2015\/11\/heviz-virtualis2-600x353.jpg\" alt=\"heviz-virtualis2\" width=\"600\" height=\"353\" \/><\/a><a href=\"https:\/\/termalfurdo.cafeblog.hu\/files\/2015\/11\/heviz-virtualis3.jpg\"><img class=\"aligncenter size-large wp-image-2285\" src=\"https:\/\/termalfurdo.cafeblog.hu\/files\/2015\/11\/heviz-virtualis3-600x298.jpg\" alt=\"heviz-virtualis3\" width=\"600\" height=\"298\" \/><\/a>S\u00e1rv\u00e1ron a v\u00edztorony tetej\u00e9r\u0151l indulva <a href=\"http:\/\/www.sarvar.hu\/media\/panorama\/\" target=\"_blank\">n\u00e9zhet\u00fcnk k\u00f6rbe<\/a> a v\u00e1rosban. A f\u00fcrd\u0151n k\u00edv\u00fcl n\u00e9h\u00e1ny sz\u00e1lloda, az arbor\u00e9tum, a N\u00e1dasdy Ferenc M\u00fazeum \u00e9s a cs\u00f3nak\u00e1z\u00f3 t\u00f3 is megtekinthet\u0151.\r\n\r\n<a href=\"https:\/\/termalfurdo.cafeblog.hu\/files\/2015\/11\/sarvarfurdo-virtualis1.jpg\"><img class=\"aligncenter size-large wp-image-2280\" src=\"https:\/\/termalfurdo.cafeblog.hu\/files\/2015\/11\/sarvarfurdo-virtualis1-600x273.jpg\" alt=\"sarvarfurdo-virtualis1\" width=\"600\" height=\"273\" \/><\/a><a href=\"https:\/\/termalfurdo.cafeblog.hu\/files\/2015\/11\/sarvarfurdo-virtualis2.jpg\"><img class=\"aligncenter size-large wp-image-2279\" src=\"https:\/\/termalfurdo.cafeblog.hu\/files\/2015\/11\/sarvarfurdo-virtualis2-600x271.jpg\" alt=\"sarvarfurdo-virtualis2\" width=\"600\" height=\"271\" \/><\/a>Kehidakust\u00e1nyban szint\u00e9n nem csak a term\u00e1lf\u00fcrd\u0151ben, hanem a <a href=\"http:\/\/www.3dpano.hu\/Kehidakustany\/\" target=\"_blank\">telep\u00fcl\u00e9sen is k\u00f6rbe lehet n\u00e9zni<\/a>.\r\n\r\n<a href=\"https:\/\/termalfurdo.cafeblog.hu\/files\/2015\/11\/kehidakust\u00e1ny-virtualis1.jpg\"><img class=\"aligncenter size-large wp-image-2284\" src=\"https:\/\/termalfurdo.cafeblog.hu\/files\/2015\/11\/kehidakust\u00e1ny-virtualis1-600x272.jpg\" alt=\"kehidakust\u00e1ny-virtualis1\" width=\"600\" height=\"272\" \/><\/a>A debreceni Aquaticumon bel\u00fcl az \u00e9lm\u00e9nyf\u00fcrd\u0151 \u00e9s a term\u00e1lf\u00fcrd\u0151 <a href=\"http:\/\/www.abf.hu\/aquaticum\/\" target=\"_blank\">r\u00e9szlegbe is bekukkanthatunk<\/a>.\r\n\r\n<a href=\"https:\/\/termalfurdo.cafeblog.hu\/files\/2015\/11\/aquaticum-virtualis1.jpg\"><img class=\"aligncenter size-large wp-image-2283\" src=\"https:\/\/termalfurdo.cafeblog.hu\/files\/2015\/11\/aquaticum-virtualis1-600x332.jpg\" alt=\"aquaticum-virtualis1\" width=\"600\" height=\"332\" \/><\/a>B\u00fckf\u00fcrd\u0151 eset\u00e9ben ezt a lehet\u0151s\u00e9get kicsit keresg\u00e9ln\u00fcnk kellett, ugyanis a f\u00fcrd\u0151 k\u00f6zelm\u00faltban meg\u00fajult honlapj\u00e1r\u00f3l m\u00e1r nem volt el\u00e9rhet\u0151 a virtu\u00e1lis bej\u00e1r\u00e1si lehet\u0151s\u00e9g. Szerencs\u00e9re a felv\u00e9telek k\u00e9sz\u00edt\u0151j\u00e9nek a <a href=\"http:\/\/www.panoramakeszites.hu\/virtualis-tura\/Bukfurdo_virtualis_tura\/start.html\" target=\"_blank\">weboldal\u00e1n m\u00e9g megn\u00e9zhet\u0151k<\/a> a felv\u00e9telek.\r\n\r\n<a href=\"https:\/\/termalfurdo.cafeblog.hu\/files\/2015\/11\/bukfurdo-virtualis1.jpg\"><img class=\"aligncenter size-large wp-image-2282\" src=\"https:\/\/termalfurdo.cafeblog.hu\/files\/2015\/11\/bukfurdo-virtualis1-600x295.jpg\" alt=\"bukfurdo-virtualis1\" width=\"600\" height=\"295\" \/><\/a><a href=\"https:\/\/termalfurdo.cafeblog.hu\/files\/2015\/11\/bukfurdo-virtualis2.jpg\"><img class=\"aligncenter size-large wp-image-2281\" src=\"https:\/\/termalfurdo.cafeblog.hu\/files\/2015\/11\/bukfurdo-virtualis2-600x283.jpg\" alt=\"bukfurdo-virtualis2\" width=\"600\" height=\"283\" \/><\/a><a href=\"https:\/\/termalfurdo.cafeblog.hu\/2015\/09\/28\/termalfurdos-tippek-az-oszre\/\" target=\"_blank\">Ide kattintva elolvashatja az \u0151szi term\u00e1lf\u00fcrd\u0151s tippekr\u0151l sz\u00f3l\u00f3 posztunkat is!<\/a>","type":"rich","thumbnail_url":"https:\/\/termalfurdo.cafeblog.hu\/files\/2015\/11\/heviz-virtualis3-150x150.jpg","thumbnail_width":150,"thumbnail_height":150}

Termál &amp; Fürdő

Így tehetsz virtuális sétát a termálfürdőkben

<strong>Jó néhány termálfürdőben otthonról is körbenézhetünk. A Hévízen készült körpanorámás felvételek igazán látványosra sikerültek.</strong>

A Google Street View szolgáltatása révén ma már a termálfürdők többségének a környékén virtuálisan is körbe tudunk nézni. Egyre több helyről készít belső felvételeket is a Google, - például a Fővárosi Állatkertről - de a hazai termálfürdők még nincsenek ezek között.

Viszont szerencsére néhány fürdőről elérhetőek körpanorámás belső felvételek is. Ezek nagyon praktikusak, hiszen már azelőtt szét tudunk nézni egy-egy fürdőben, mielőtt elutaznánk az adott helyre. Ugyan nem a Google-féle "lépegetős" megoldással, hanem a fürdők fix pontjain nézelődhetünk, de még így is jópofa funkcióról van szó.

Hévízről kétféle körpanorámás felvételsorozat is rendelkezésre áll. Egyikben <a href="http://virtual.hevizonline.com/spa/#p=schulhof-bejarat" target="_blank">csak a Tófürdő</a>, a másikban az <a href="http://www.3dpano.hu/Heviz/tel/" target="_blank">üdülőhely egyéb nevezetességei</a> is bejárhatók. Utóbbi különlegessége, hogy váltogathatunk a nyári és a téli felvételek között. A havas hévízi képek nagyon hangulatosak, ha mást nem, akkor <a href="http://www.3dpano.hu/Heviz/tel/" target="_blank">legalább ezt</a> tényleg érdemes megnézni.

<a href="https://termalfurdo.cafeblog.hu/files/2015/11/heviz-virtualis1.jpg"><img class="aligncenter size-large wp-image-2287" src="https://termalfurdo.cafeblog.hu/files/2015/11/heviz-virtualis1-600x266.jpg" alt="heviz-virtualis1" width="600" height="266" /></a><a href="https://termalfurdo.cafeblog.hu/files/2015/11/heviz-virtualis2.jpg"><img class="aligncenter size-large wp-image-2286" src="https://termalfurdo.cafeblog.hu/files/2015/11/heviz-virtualis2-600x353.jpg" alt="heviz-virtualis2" width="600" height="353" /></a><a href="https://termalfurdo.cafeblog.hu/files/2015/11/heviz-virtualis3.jpg"><img class="aligncenter size-large wp-image-2285" src="https://termalfurdo.cafeblog.hu/files/2015/11/heviz-virtualis3-600x298.jpg" alt="heviz-virtualis3" width="600" height="298" /></a>Sárváron a víztorony tetejéről indulva <a href="http://www.sarvar.hu/media/panorama/" target="_blank">nézhetünk körbe</a> a városban. A fürdőn kívül néhány szálloda, az arborétum, a Nádasdy Ferenc Múzeum és a csónakázó tó is megtekinthető.

<a href="https://termalfurdo.cafeblog.hu/files/2015/11/sarvarfurdo-virtualis1.jpg"><img class="aligncenter size-large wp-image-2280" src="https://termalfurdo.cafeblog.hu/files/2015/11/sarvarfurdo-virtualis1-600x273.jpg" alt="sarvarfurdo-virtualis1" width="600" height="273" /></a><a href="https://termalfurdo.cafeblog.hu/files/2015/11/sarvarfurdo-virtualis2.jpg"><img class="aligncenter size-large wp-image-2279" src="https://termalfurdo.cafeblog.hu/files/2015/11/sarvarfurdo-virtualis2-600x271.jpg" alt="sarvarfurdo-virtualis2" width="600" height="271" /></a>Kehidakustányban szintén nem csak a termálfürdőben, hanem a <a href="http://www.3dpano.hu/Kehidakustany/" target="_blank">településen is körbe lehet nézni</a>.

<a href="https://termalfurdo.cafeblog.hu/files/2015/11/kehidakustány-virtualis1.jpg"><img class="aligncenter size-large wp-image-2284" src="https://termalfurdo.cafeblog.hu/files/2015/11/kehidakustány-virtualis1-600x272.jpg" alt="kehidakustány-virtualis1" width="600" height="272" /></a>A debreceni Aquaticumon belül az élményfürdő és a termálfürdő <a href="http://www.abf.hu/aquaticum/" target="_blank">részlegbe is bekukkanthatunk</a>.

<a href="https://termalfurdo.cafeblog.hu/files/2015/11/aquaticum-virtualis1.jpg"><img class="aligncenter size-large wp-image-2283" src="https://termalfurdo.cafeblog.hu/files/2015/11/aquaticum-virtualis1-600x332.jpg" alt="aquaticum-virtualis1" width="600" height="332" /></a>Bükfürdő esetében ezt a lehetőséget kicsit keresgélnünk kellett, ugyanis a fürdő közelmúltban megújult honlapjáról már nem volt elérhető a virtuális bejárási lehetőség. Szerencsére a felvételek készítőjének a <a href="http://www.panoramakeszites.hu/virtualis-tura/Bukfurdo_virtualis_tura/start.html" target="_blank">weboldalán még megnézhetők</a> a felvételek.

<a href="https://termalfurdo.cafeblog.hu/files/2015/11/bukfurdo-virtualis1.jpg"><img class="aligncenter size-large wp-image-2282" src="https://termalfurdo.cafeblog.hu/files/2015/11/bukfurdo-virtualis1-600x295.jpg" alt="bukfurdo-virtualis1" width="600" height="295" /></a><a href="https://termalfurdo.cafeblog.hu/files/2015/11/bukfurdo-virtualis2.jpg"><img class="aligncenter size-large wp-image-2281" src="https://termalfurdo.cafeblog.hu/files/2015/11/bukfurdo-virtualis2-600x283.jpg" alt="bukfurdo-virtualis2" width="600" height="283" /></a><a href="https://termalfurdo.cafeblog.hu/2015/09/28/termalfurdos-tippek-az-oszre/" target="_blank">Ide kattintva elolvashatja az őszi termálfürdős tippekről szóló posztunkat is!</a>
