{"version":"1.0","provider_name":"Term\u00e1l &amp; F\u00fcrd\u0151","provider_url":"https:\/\/termalfurdo.cafeblog.hu","author_name":"Term\u00e1l &amp; F\u00fcrd\u0151","author_url":"https:\/\/termalfurdo.cafeblog.hu\/author\/heszler_robert\/","title":"F\u00fcrd\u0151tippek a mediterr\u00e1n okt\u00f3berre","html":"<ul>\r\n<li>\r\n<h2><span style=\"color: #3366ff\"><strong>\u00dagy t\u0171nik, hogy az id\u0151j\u00e1r\u00e1s szempontj\u00e1b\u00f3l az okt\u00f3ber k\u00f6zepe az \u00faj szeptember eleje. <\/strong><\/span><\/h2>\r\n<\/li>\r\n<li>\r\n<h2><span style=\"color: #3366ff\"><strong>Hol tal\u00e1lunk ilyenkor nyitva tart\u00f3 szabadt\u00e9ri r\u00e9szleggel rendelkez\u0151 f\u00fcrd\u0151ket?<\/strong><\/span><\/h2>\r\n<\/li>\r\n<\/ul>\r\n<p>Kicsit megbolondult az id\u0151j\u00e1r\u00e1s \u00e9s n\u00e9h\u00e1ny napig eg\u00e9szen kellemes h\u0151m\u00e9rs\u00e9klet\u0171 napokat \u00edg\u00e9rnek a meteorol\u00f3gusok. J\u00f3 \u00f6tletnek t\u0171nik m\u00e9g a h\u00e9ten felkeresni valamelyik nyitva tart\u00f3 term\u00e1lf\u00fcrd\u0151t. Persze nem \u00e1rtana olyant tal\u00e1lni, ahol m\u00e9g nyitva vannak a szabadt\u00e9ri medenc\u00e9k. Azonban nagyon sok helyen ilyent\u00e1jt m\u00e1r csak a belt\u00e9ri r\u00e9szleg haszn\u00e1lhat\u00f3. S\u0151t, j\u00f3 n\u00e9h\u00e1ny f\u00fcrd\u0151ben - a nem t\u00fal kellemes szeptemberi id\u0151 miatt - m\u00e1r a tervezettn\u00e9l kor\u00e1bban, b\u0151 egy h\u00f3napja leeresztett\u00e9k a vizet a k\u00fclt\u00e9ri medenc\u00e9kb\u0151l.<\/p>\r\n<h4><span style=\"color: #3366ff\"><strong>Szerencs\u00e9re az\u00e9rt akadnak olyan term\u00e1lf\u00fcrd\u0151k, ahol k\u00fclt\u00e9ri medenc\u00e9ben is \u00e9lvezhetj\u00fck a v\u00e9nasszonyok nyar\u00e1t. \u00d6ssze is gy\u0171jt\u00f6tt\u00fcnk n\u00e9h\u00e1ny tippet.<\/strong><\/span><\/h4>\r\n<h4>\u00a0<\/h4>\r\n<h4><span style=\"color: #3366ff\"><strong>Budapest - Palatinus Strandf\u00fcrd\u0151<\/strong><\/span><\/h4>\r\n<p>A ny\u00e1ron \u00e1tadt\u00e1k az \u00faj fedett r\u00e9szleget, ahol belt\u00e9ri medenc\u00e9k is tal\u00e1lhat\u00f3k \u00e9s mostant\u00f3l kezdve a f\u00fcrd\u0151 m\u00e1r eg\u00e9sz \u00e9vben \u00fczemel. A szabadt\u00e9ri r\u00e9szleg m\u00e1r \u00e1t\u00e1llt a t\u00e9li \u00fczemm\u00f3dra, viszont ez nem azt jelenti, hogy az \u00f6sszes strandmedenc\u00e9t lez\u00e1rt\u00e1k. M\u00e9g ilyenkor is m\u0171k\u00f6dik ugyanis az egyik term\u00e1lmedence, valamint a 40 m\u00e9teres \u00fasz\u00f3medence.<\/p>\r\n<h4><a href=\"https:\/\/termalfurdo.cafeblog.hu\/files\/2014\/07\/palatinusstrand2.jpg\"><img class=\"aligncenter wp-image-640\" src=\"https:\/\/termalfurdo.cafeblog.hu\/files\/2014\/07\/palatinusstrand2.jpg\" alt=\"\" width=\"879\" height=\"585\" \/><\/a><span style=\"color: #3366ff\"><strong>Debrecen - Aquaticum Term\u00e1lf\u00fcrd\u0151<\/strong><\/span><\/h4>\r\n<p>A term\u00e1lf\u00fcrd\u0151h\u00f6z tartozik egy l\u00f3here form\u00e1j\u00fa k\u00fclt\u00e9ri medence, amit szeptember v\u00e9g\u00e9t\u0151l nem lehetett haszn\u00e1lni, mert karbantartott\u00e1k, de m\u00e1zlink van, mert a munk\u00e1latok csak egy h\u00e9tig tartottak \u00e9s most m\u00e1r \u00fczemel ez a medence is. Ezt egy\u00e9bk\u00e9nt 36-38 Celsius-fokos v\u00edzzel t\u00f6ltik \u00e9s \u00e9lm\u00e9nyelemekkel is fel van szerelve.<\/p>\r\n<h4><a href=\"https:\/\/termalfurdo.cafeblog.hu\/files\/2017\/10\/aquaticum-loheremedence.jpg\"><img class=\"aligncenter wp-image-3490\" src=\"https:\/\/termalfurdo.cafeblog.hu\/files\/2017\/10\/aquaticum-loheremedence.jpg\" alt=\"\" width=\"859\" height=\"644\" \/><\/a><span style=\"color: #3366ff\"><strong>Egerszal\u00f3k - Saliris Resort \u00e9s Nosztalgia Strandf\u00fcrd\u0151<\/strong><\/span><\/h4>\r\n<p>Itt is j\u00f3 \u00fctemben v\u00e9gezt\u00e9k a szok\u00e1sos \u0151szi karbantart\u00e1st, majdnem egy h\u00e9tig z\u00e1rva volt az eg\u00e9sz <a href=\"https:\/\/termalonline.hu\/furdok\/egerszalok-saliris-resort-termalfurdo\" target=\"_blank\" rel=\"noopener\">egerszal\u00f3ki f\u00fcrd\u0151komplexum<\/a>, de szombat \u00f3ta \u00fajra l\u00e1togathat\u00f3. A Saliris Resorthoz tartoz\u00f3 k\u00fclt\u00e9ri medenc\u00e9k eg\u00e9sz \u00e9vben haszn\u00e1lhat\u00f3k. Viszont k\u00f6lts\u00e9ghat\u00e9konyabb \u00e9s hangulatosabb v\u00e1laszt\u00e1s lehet a szomsz\u00e9dos Nosztalgia Strandf\u00fcrd\u0151. Ut\u00f3bbin\u00e1l h\u00e1rom k\u00fcl\u00f6nb\u00f6z\u0151 h\u0151fok\u00fa, egerszal\u00f3ki term\u00e1lv\u00edzzel felt\u00f6lt\u00f6tt medence k\u00f6z\u00fcl v\u00e1logathatunk, a bel\u00e9p\u0151 pedig majdnem csak a negyed\u00e9be ker\u00fcl, mint a \"nagy f\u00fcrd\u0151ben\". R\u00e1ad\u00e1sul eg\u00e9sz \u00fcgyf\u00e9lbar\u00e1t a Nosztalgia r\u00e9szleg nyitvatart\u00e1si ideje, ugyanis vas\u00e1rnapt\u00f3l cs\u00fct\u00f6rt\u00f6kig 9-t\u0151l 23 \u00f3r\u00e1ig, p\u00e9nteken \u00e9s szombaton \u00e9jjel 1-ig tartanak nyitva. <a href=\"https:\/\/termalfurdo.cafeblog.hu\/files\/2016\/06\/egerszalok-nosztalgia.jpg\"><img class=\"aligncenter size-full wp-image-2556\" src=\"https:\/\/termalfurdo.cafeblog.hu\/files\/2016\/06\/egerszalok-nosztalgia.jpg\" alt=\"\" width=\"800\" height=\"533\" \/><\/a><span style=\"color: #3366ff\"><strong>Igali Gy\u00f3gyf\u00fcrd\u0151<\/strong><\/span> Az Igali Gy\u00f3gyf\u00fcrd\u0151ben nem mindegyik medence tart nyitva a t\u00e9li id\u0151szakban, viszont m\u00e9g \u00edgy is van v\u00e1laszt\u00e9k. A legjobb v\u00e1laszt\u00e1s a r\u00e9szben fedett k\u00fclt\u00e9ri medence (ennek ilyent\u00e1jt mindig csak az egyik medencer\u00e9sz\u00e9t t\u00f6ltik fel gy\u00f3gyv\u00edzzel), r\u00e1ad\u00e1sul ezt b\u00e1rmikor <a href=\"https:\/\/www.idokep.hu\/webkamera\/gellertapartman\" target=\"_blank\" rel=\"noopener noreferrer\">megleshetj\u00fck webkamer\u00e1n is<\/a>, hogy l\u00e1ssuk, t\u00e9nyleg \u00fczemel-e. Ezen fel\u00fcl m\u00e9g egy kisebb gy\u00f3gyvizes medence, valamint a fedett \u00e9lm\u00e9nyr\u00e9szleg ki\u00fasz\u00f3medenc\u00e9je \u00e1ll azok rendelkez\u00e9s\u00e9re, akik napozn\u00e1nak is egyet.<\/p>\r\n<h4><a href=\"https:\/\/termalfurdo.cafeblog.hu\/files\/2017\/07\/igal-legifelvetel2.jpg\"><img class=\"aligncenter wp-image-3203\" src=\"https:\/\/termalfurdo.cafeblog.hu\/files\/2017\/07\/igal-legifelvetel2.jpg\" alt=\"\" width=\"879\" height=\"483\" \/><\/a><span style=\"color: #3366ff\"><strong>Lip\u00f3ti Term\u00e1lf\u00fcrd\u0151<\/strong><\/span><\/h4>\r\n<p>Itt csak szabadt\u00e9ri medenc\u00e9k vannak, s nincs mindegyik nyitva eg\u00e9sz \u00e9vben. A 34 \u00e9s 38 Celsius-fokos v\u00edzzel felt\u00f6lt\u00f6tt term\u00e1lmedenc\u00e9k ugyanakkor ilyenkor is l\u00e1togathat\u00f3k. Err\u0151l a k\u00e9t medenc\u00e9r\u0151l egy vide\u00f3t is tudunk mutatni. Arra az\u00e9rt figyelj\u00fcnk, hogy ne menj\u00fcnk t\u00fal kor\u00e1n, mert csak d\u00e9lben nyit a f\u00fcrd\u0151. <iframe src=\"https:\/\/www.youtube.com\/embed\/h5-vsic2XGs\" width=\"560\" height=\"315\" frameborder=\"0\"><\/iframe><\/p>\r\n<h4><span style=\"color: #3366ff\"><strong>Zalakarosi Term\u00e1lf\u00fcrd\u0151<\/strong><\/span><\/h4>\r\n<p>Okt\u00f3ber elsej\u00e9n m\u00e1r bez\u00e1rt a strandf\u00fcrd\u0151, viszont ez nem azt jelenti, hogy ne lenn\u00e9nek nyitva tart\u00f3 k\u00fclt\u00e9ri medenc\u00e9k a <a href=\"https:\/\/termalonline.hu\/furdok\/zalakaros\" target=\"_blank\" rel=\"noopener\">zalakarosi term\u00e1lf\u00fcrd\u0151ben<\/a>. Egyr\u00e9szt az \u00e9lm\u00e9nyf\u00fcrd\u0151h\u00f6z tartoznak eg\u00e9sz \u00e9vben m\u0171k\u00f6d\u0151 szabadt\u00e9ri medenc\u00e9k (<a href=\"https:\/\/www.idokep.hu\/webkamera\/hungarylive13\" target=\"_blank\" rel=\"noopener noreferrer\">webkamer\u00e1juk is van<\/a>). A m\u00e1sik lehet\u0151s\u00e9g a gy\u00f3gycentrumhoz kapcsol\u00f3d\u00f3 \u00fagynevezett gy\u00f3gykert, ami egy szabadt\u00e9ri gy\u00f3gyvizes medenc\u00e9t takar, ez november elsej\u00e9ig m\u00e9g \u00fczemel. Azt az\u00e9rt meg kell eml\u00edteni, hogy ezek a k\u00fclt\u00e9ri medenc\u00e9k a dr\u00e1g\u00e1bb, komplex bel\u00e9p\u0151jeggyel l\u00e1togathat\u00f3k. <a href=\"https:\/\/termalfurdo.cafeblog.hu\/files\/2017\/10\/zalakaros-elmenymedence.jpg\"><img class=\"aligncenter wp-image-3491\" src=\"https:\/\/termalfurdo.cafeblog.hu\/files\/2017\/10\/zalakaros-elmenymedence.jpg\" alt=\"\" width=\"866\" height=\"389\" \/><\/a><strong>+1 tipp: van egy z\u00e1rt Facebook csoportunk, ahol a term\u00e1lf\u00fcrd\u0151k akci\u00f3it \u00e9s programjait gy\u0171jtj\u00fck \u00f6ssze. Amennyiben szeretne csatlakozni, azt <a href=\"https:\/\/www.facebook.com\/groups\/169328763837106\/\" target=\"_blank\" rel=\"noopener\">ide kattintva<\/a> teheti meg.<\/strong><\/p>","type":"rich","thumbnail_url":"https:\/\/termalfurdo.cafeblog.hu\/files\/2016\/06\/egerszalok-nosztalgia-150x150.jpg","thumbnail_width":150,"thumbnail_height":150}

Termál &amp; Fürdő

Fürdőtippek a mediterrán októberre

<ul>
<li>
<h2><span style="color: #3366ff"><strong>Úgy tűnik, hogy az időjárás szempontjából az október közepe az új szeptember eleje. </strong></span></h2>
</li>
<li>
<h2><span style="color: #3366ff"><strong>Hol találunk ilyenkor nyitva tartó szabadtéri részleggel rendelkező fürdőket?</strong></span></h2>
</li>
</ul>
<p>Kicsit megbolondult az időjárás és néhány napig egészen kellemes hőmérsékletű napokat ígérnek a meteorológusok. Jó ötletnek tűnik még a héten felkeresni valamelyik nyitva tartó termálfürdőt. Persze nem ártana olyant találni, ahol még nyitva vannak a szabadtéri medencék. Azonban nagyon sok helyen ilyentájt már csak a beltéri részleg használható. Sőt, jó néhány fürdőben - a nem túl kellemes szeptemberi idő miatt - már a tervezettnél korábban, bő egy hónapja leeresztették a vizet a kültéri medencékből.</p>
<h4><span style="color: #3366ff"><strong>Szerencsére azért akadnak olyan termálfürdők, ahol kültéri medencében is élvezhetjük a vénasszonyok nyarát. Össze is gyűjtöttünk néhány tippet.</strong></span></h4>
<h4> </h4>
<h4><span style="color: #3366ff"><strong>Budapest - Palatinus Strandfürdő</strong></span></h4>
<p>A nyáron átadták az új fedett részleget, ahol beltéri medencék is találhatók és mostantól kezdve a fürdő már egész évben üzemel. A szabadtéri részleg már átállt a téli üzemmódra, viszont ez nem azt jelenti, hogy az összes strandmedencét lezárták. Még ilyenkor is működik ugyanis az egyik termálmedence, valamint a 40 méteres úszómedence.</p>
<h4><a href="https://termalfurdo.cafeblog.hu/files/2014/07/palatinusstrand2.jpg"><img class="aligncenter wp-image-640" src="https://termalfurdo.cafeblog.hu/files/2014/07/palatinusstrand2.jpg" alt="" width="879" height="585" /></a><span style="color: #3366ff"><strong>Debrecen - Aquaticum Termálfürdő</strong></span></h4>
<p>A termálfürdőhöz tartozik egy lóhere formájú kültéri medence, amit szeptember végétől nem lehetett használni, mert karbantartották, de mázlink van, mert a munkálatok csak egy hétig tartottak és most már üzemel ez a medence is. Ezt egyébként 36-38 Celsius-fokos vízzel töltik és élményelemekkel is fel van szerelve.</p>
<h4><a href="https://termalfurdo.cafeblog.hu/files/2017/10/aquaticum-loheremedence.jpg"><img class="aligncenter wp-image-3490" src="https://termalfurdo.cafeblog.hu/files/2017/10/aquaticum-loheremedence.jpg" alt="" width="859" height="644" /></a><span style="color: #3366ff"><strong>Egerszalók - Saliris Resort és Nosztalgia Strandfürdő</strong></span></h4>
<p>Itt is jó ütemben végezték a szokásos őszi karbantartást, majdnem egy hétig zárva volt az egész <a href="https://termalonline.hu/furdok/egerszalok-saliris-resort-termalfurdo" target="_blank" rel="noopener">egerszalóki fürdőkomplexum</a>, de szombat óta újra látogatható. A Saliris Resorthoz tartozó kültéri medencék egész évben használhatók. Viszont költséghatékonyabb és hangulatosabb választás lehet a szomszédos Nosztalgia Strandfürdő. Utóbbinál három különböző hőfokú, egerszalóki termálvízzel feltöltött medence közül válogathatunk, a belépő pedig majdnem csak a negyedébe kerül, mint a "nagy fürdőben". Ráadásul egész ügyfélbarát a Nosztalgia részleg nyitvatartási ideje, ugyanis vasárnaptól csütörtökig 9-től 23 óráig, pénteken és szombaton éjjel 1-ig tartanak nyitva. <a href="https://termalfurdo.cafeblog.hu/files/2016/06/egerszalok-nosztalgia.jpg"><img class="aligncenter size-full wp-image-2556" src="https://termalfurdo.cafeblog.hu/files/2016/06/egerszalok-nosztalgia.jpg" alt="" width="800" height="533" /></a><span style="color: #3366ff"><strong>Igali Gyógyfürdő</strong></span> Az Igali Gyógyfürdőben nem mindegyik medence tart nyitva a téli időszakban, viszont még így is van választék. A legjobb választás a részben fedett kültéri medence (ennek ilyentájt mindig csak az egyik medencerészét töltik fel gyógyvízzel), ráadásul ezt bármikor <a href="https://www.idokep.hu/webkamera/gellertapartman" target="_blank" rel="noopener noreferrer">megleshetjük webkamerán is</a>, hogy lássuk, tényleg üzemel-e. Ezen felül még egy kisebb gyógyvizes medence, valamint a fedett élményrészleg kiúszómedencéje áll azok rendelkezésére, akik napoznának is egyet.</p>
<h4><a href="https://termalfurdo.cafeblog.hu/files/2017/07/igal-legifelvetel2.jpg"><img class="aligncenter wp-image-3203" src="https://termalfurdo.cafeblog.hu/files/2017/07/igal-legifelvetel2.jpg" alt="" width="879" height="483" /></a><span style="color: #3366ff"><strong>Lipóti Termálfürdő</strong></span></h4>
<p>Itt csak szabadtéri medencék vannak, s nincs mindegyik nyitva egész évben. A 34 és 38 Celsius-fokos vízzel feltöltött termálmedencék ugyanakkor ilyenkor is látogathatók. Erről a két medencéről egy videót is tudunk mutatni. Arra azért figyeljünk, hogy ne menjünk túl korán, mert csak délben nyit a fürdő. <iframe src="https://www.youtube.com/embed/h5-vsic2XGs" width="560" height="315" frameborder="0"></iframe></p>
<h4><span style="color: #3366ff"><strong>Zalakarosi Termálfürdő</strong></span></h4>
<p>Október elsején már bezárt a strandfürdő, viszont ez nem azt jelenti, hogy ne lennének nyitva tartó kültéri medencék a <a href="https://termalonline.hu/furdok/zalakaros" target="_blank" rel="noopener">zalakarosi termálfürdőben</a>. Egyrészt az élményfürdőhöz tartoznak egész évben működő szabadtéri medencék (<a href="https://www.idokep.hu/webkamera/hungarylive13" target="_blank" rel="noopener noreferrer">webkamerájuk is van</a>). A másik lehetőség a gyógycentrumhoz kapcsolódó úgynevezett gyógykert, ami egy szabadtéri gyógyvizes medencét takar, ez november elsejéig még üzemel. Azt azért meg kell említeni, hogy ezek a kültéri medencék a drágább, komplex belépőjeggyel látogathatók. <a href="https://termalfurdo.cafeblog.hu/files/2017/10/zalakaros-elmenymedence.jpg"><img class="aligncenter wp-image-3491" src="https://termalfurdo.cafeblog.hu/files/2017/10/zalakaros-elmenymedence.jpg" alt="" width="866" height="389" /></a><strong>+1 tipp: van egy zárt Facebook csoportunk, ahol a termálfürdők akcióit és programjait gyűjtjük össze. Amennyiben szeretne csatlakozni, azt <a href="https://www.facebook.com/groups/169328763837106/" target="_blank" rel="noopener">ide kattintva</a> teheti meg.</strong></p>
