{"version":"1.0","provider_name":"Term\u00e1l &amp; F\u00fcrd\u0151","provider_url":"https:\/\/termalfurdo.cafeblog.hu","author_name":"Term\u00e1l &amp; F\u00fcrd\u0151","author_url":"https:\/\/termalfurdo.cafeblog.hu\/author\/heszler_robert\/","title":"4 term\u00e1lf\u00fcrd\u0151s tipp kar\u00e1csonyra","html":"<ul>\r\n<li>\r\n<h2><span style=\"color: #3366ff\">Mondjunk tippeket azoknak, akik term\u00e1lf\u00fcrd\u0151ben t\u00f6lten\u00e9k a kar\u00e1csonyt. <\/span><\/h2>\r\n<\/li>\r\n<li>\r\n<h2><span style=\"color: #3366ff\">Nyugis, gyerekbar\u00e1t, cs\u00faszd\u00e1s \u00e9s szabadt\u00e9ri gy\u00f3gymedenc\u00e9s f\u00fcrd\u0151t is aj\u00e1nlunk.<\/span><\/h2>\r\n<\/li>\r\n<\/ul>\r\n<p>A k\u00e9t \u00fcnnep k\u00f6z\u00f6tti napokon \u00e9s szilveszterkor sok hazai term\u00e1lf\u00fcrd\u0151 szinte ny\u00e1ri vend\u00e9gforgalmat bonyol\u00edt. Ilyenkor rengetegen kerekednek fel, hogy valamelyik f\u00fcrd\u0151ben t\u00f6lts\u00e9k a szabadnapjaikat.<\/p>\r\n<p>Az viszont m\u00e1r valamivel \u00fajabb trend, hogy egyre t\u00f6bb a kar\u00e1csonyi f\u00fcrd\u0151z\u0151, hiszen sokan m\u00e1r december 25-\u00e9n \u00e9s 26-\u00e1n is ink\u00e1bb kimozduln\u00e1nak a lak\u00e1sb\u00f3l. Ennek egy\u00e9bk\u00e9nt lehet olyan motiv\u00e1ci\u00f3ja is, hogy kar\u00e1csonykor az\u00e9rt m\u00e9g mindig kisebb a ny\u00fczsg\u00e9s a f\u00fcrd\u0151ben, mint az \u00fcnnepet k\u00f6vet\u0151 napokon, vagy pl\u00e1ne szilveszterkor.<\/p>\r\n<p>A kar\u00e1csonykor f\u00fcrd\u0151l\u00e1togat\u00e1st fontolgat\u00f3k sz\u00e1m\u00e1ra \u00f6sszegy\u0171jt\u00f6tt\u00fcnk n\u00e9gy olyan f\u00fcrd\u0151t, ahov\u00e1 \u00e9rdemes lehet az \u00fcnnep alatt is ell\u00e1togatni. Mind a n\u00e9gy f\u00fcrd\u0151 nyitva lesz kar\u00e1csonykor - ez ilyenkor nem mag\u00e1t\u00f3l \u00e9rtet\u0151d\u0151 - \u00e9s k\u00fcl\u00f6nb\u00f6z\u0151 ig\u00e9nyek eset\u00e9n lehet j\u00f3 v\u00e1laszt\u00e1s.<\/p>\r\n<p>A nyugis f\u00fcrd\u0151z\u00e9st, a cs\u00faszd\u00e1s \u00e9lm\u00e9nyf\u00fcrd\u0151t, a gyerekbar\u00e1t f\u00fcrd\u0151t \u00e9s a szabadt\u00e9ri gy\u00f3gymedenc\u00e9s lazul\u00e1st keres\u0151knek is aj\u00e1nlunk egy-egy term\u00e1lf\u00fcrd\u0151t.<\/p>\r\n<h4><span style=\"color: #3366ff\"><strong>Nyugis term\u00e1lf\u00fcrd\u0151 kar\u00e1csonykor: Csiszta F\u00fcrd\u0151<\/strong><\/span><\/h4>\r\n<p>A kis term\u00e1lf\u00fcrd\u0151 Somogy megy\u00e9ben, azon bel\u00fcl is a Fony\u00f3dt\u00f3l d\u00e9lre l\u00e9v\u0151 Buzs\u00e1kon tal\u00e1lhat\u00f3. Egyszer\u0171bb, de nyugisabb f\u00fcrd\u0151, ahol fedett term\u00e1lmedence is tal\u00e1lhat\u00f3. T\u00f6megre, gyerekzsivajra itt nem kell sz\u00e1m\u00edtani.<\/p>\r\n<p>A nyitvatart\u00e1si id\u0151 kapcs\u00e1n \u00e9rdemes tudni, hogy <strong>december 24-\u00e9n<\/strong> nem nyitnak ki, viszont <strong>25-\u00e9n \u00e9s 26-\u00e1n<\/strong> a szezonon k\u00edv\u00fcli rend szerint \u00fczemel a f\u00fcrd\u0151. Viszont ez a \"szezonon k\u00edv\u00fcli\" nyitvatart\u00e1s azt jelenti, hogy csak d\u00e9lben nyitnak \u00e9s 18 \u00f3rakor m\u00e1r z\u00e1rnak is. A r\u00f6vid nyitvatart\u00e1si id\u0151 miatt a bel\u00e9p\u0151jegyet is olcs\u00f3bban, mind\u00f6ssze 1000 forint\u00e9rt k\u00edn\u00e1lj\u00e1k.<\/p>\r\n<p><a href=\"https:\/\/termalfurdo.cafeblog.hu\/files\/2015\/06\/csisztafurdouj1.jpg\"><img class=\"aligncenter size-full wp-image-2004\" src=\"https:\/\/termalfurdo.cafeblog.hu\/files\/2015\/06\/csisztafurdouj1.jpg\" alt=\"Csiszta F\u00fcrd\u0151\" width=\"640\" height=\"480\" \/><\/a><\/p>\r\n<h4><span style=\"color: #3366ff\"><strong>Cs\u00faszd\u00e1s f\u00fcrd\u0151: AquaPalota \u00e9lm\u00e9nyf\u00fcrd\u0151 - Gyula<\/strong><\/span><\/h4>\r\n<p>Ebben a h\u00f3napban \u00fcnnepli a megnyit\u00e1s\u00e1nak hatodik \u00e9vfordul\u00f3j\u00e1t a gyulai AquaPalota \u00e9lm\u00e9nyf\u00fcrd\u0151. Ez\u00e1ltal az akt\u00edvabb vizes kikapcsol\u00f3d\u00e1st keres\u0151 vend\u00e9gk\u00f6r sz\u00e1m\u00e1ra is vonz\u00f3bb\u00e1 v\u00e1lt Gyula. A fedett \u00e9lm\u00e9nyf\u00fcrd\u0151ben 900 n\u00e9gyzetm\u00e9ternyi medence \u00e9s t\u00f6bb belt\u00e9ri cs\u00faszda is a vend\u00e9gek rendelkez\u00e9s\u00e9re \u00e1ll.<\/p>\r\n<p>Ezek k\u00f6z\u00fcl a k\u00e9t \u00f3ri\u00e1scs\u00faszda 10 m\u00e9ter magasb\u00f3l indul \u00e9s k\u00fcl\u00f6nf\u00e9le vizu\u00e1lis effektek teszik \u00e9lvezetesebb\u00e9 a lecs\u00fasz\u00e1st. Az egyik hagyom\u00e1nyos testcs\u00faszda, a m\u00e1sik \"f\u00e1nkos\" cs\u00faszda, azaz egy speci\u00e1lis gumimatraccal lehet lecs\u00faszni. Egy enyh\u00e9bb lejt\u00e9s\u0171 csal\u00e1di cs\u00faszda is tal\u00e1lhat\u00f3 a f\u00fcrd\u0151ben, a sz\u00e9les cs\u00faszd\u00e1n a sz\u00fcl\u0151k \u00e9s a kisgyerekek ak\u00e1r egyszerre is cs\u00faszd\u00e1zhatnak.<\/p>\r\n<p>Az AquaPalota \u00e9lm\u00e9nyf\u00fcrd\u0151 <strong>december 24-\u00e9n<\/strong> 10-t\u0151l 15 \u00f3r\u00e1ig, <strong>december<\/strong> <strong>25-\u00e9n \u00e9s 26-\u00e1n<\/strong> pedig 10-t\u0151l 19 \u00f3r\u00e1ig lesz nyitva.<\/p>\r\n<p><a href=\"https:\/\/termalfurdo.cafeblog.hu\/files\/2014\/05\/aquapalota2.jpg\"><img class=\"aligncenter  wp-image-358\" src=\"https:\/\/termalfurdo.cafeblog.hu\/files\/2014\/05\/aquapalota2.jpg\" alt=\"Aquapalota Gyula\" width=\"726\" height=\"481\" \/><\/a><\/p>\r\n<h4><strong><span style=\"color: #3366ff\">Term\u00e1lf\u00fcrd\u0151 pici gyerekkel: Zalakarosi F\u00fcrd\u0151<\/span><\/strong><\/h4>\r\n<p>Akik kisgyerekkel keln\u00e9nek \u00fatra, azoknak kap\u00e1sb\u00f3l a Zalakarosi F\u00fcrd\u0151t aj\u00e1nlan\u00e1nk. Itt ugyanis egy k\u00fcl\u00f6n fedett gyermekvil\u00e1got is kialak\u00edtottak a 0-12 \u00e9ves koroszt\u00e1ly sz\u00e1m\u00e1ra. A k\u00edn\u00e1lat t\u00f6bbszintes \u00e9lm\u00e9nymedenc\u00e9b\u0151l, gyerekcs\u00faszd\u00e1kb\u00f3l, v\u00edzi j\u00e1t\u00e9kokb\u00f3l, \"sz\u00e1razf\u00f6ldi\" j\u00e1tsz\u00f3t\u00e9rb\u0151l, s\u00f3homokoz\u00f3b\u00f3l \u00e1ll. A r\u00e9szleg egyik k\u00fcl\u00f6nlegess\u00e9ge a gyermekszauna, amit 40-45 Celsius-fokra f\u0171tenek fel. Mindezek mellett m\u00e9g baba-mama szoba is tal\u00e1lhat\u00f3 a f\u00fcrd\u0151ben.<\/p>\r\n<p>A Zalakarosi F\u00fcrd\u0151 belt\u00e9ri gyermekvil\u00e1ga <strong>december 24-\u00e9n<\/strong> 9-t\u0151l 15 \u00f3r\u00e1ig tart nyitva. <strong>December 25-\u00e9n \u00e9s 26-\u00e1n<\/strong> pedig 9-t\u0151l 21 \u00f3r\u00e1ig v\u00e1rj\u00e1k a gyerekeket \u00e9s sz\u00fcleiket.<\/p>\r\n<p><a href=\"https:\/\/termalfurdo.cafeblog.hu\/files\/2019\/12\/zalakaros-gyerekvilag-elmenyfurdo.jpg\"><img class=\"aligncenter  wp-image-4220\" src=\"https:\/\/termalfurdo.cafeblog.hu\/files\/2019\/12\/zalakaros-gyerekvilag-elmenyfurdo.jpg\" alt=\"Zalakaros gyermekvil\u00e1g \u00e9lm\u00e9nyf\u00fcrd\u0151\" width=\"767\" height=\"511\" \/><\/a><\/p>\r\n<h4><strong><span style=\"color: #3366ff\">Szabadt\u00e9ri gy\u00f3gymedenc\u00e9s lazul\u00e1s: Berekf\u00fcrd\u0151i Gy\u00f3gyf\u00fcrd\u0151<\/span><\/strong><\/h4>\r\n<p>Sokan vannak, akik t\u00e9len sem kedvelik a fedett f\u00fcrd\u0151ket \u00e9s a hidegben is ink\u00e1bb a szabadt\u00e9ri term\u00e1lmedenc\u00e9ket r\u00e9szes\u00edtik el\u0151nyben. M\u00e1r ahol van erre lehet\u0151s\u00e9g. Aki egy j\u00f3 kis szabadt\u00e9ri gy\u00f3gyvizes medenc\u00e9ben pihenn\u00e9 ki a bejglik\u00f3m\u00e1t, annak ide\u00e1lis v\u00e1laszt\u00e1s lehet a Berekf\u00fcrd\u0151n tal\u00e1lhat\u00f3 gy\u00f3gyf\u00fcrd\u0151, ahol k\u00e9t szabadt\u00e9ri medence eg\u00e9sz \u00e9vben \u00fczemel. Akkor sincs gond, ha esetleg esne az es\u0151, mert fedett r\u00e9szleggel is rendelkezik a f\u00fcrd\u0151, azaz v\u00e9gs\u0151 esetben ak\u00e1r oda is beh\u00faz\u00f3dhatnak.<\/p>\r\n<p>A berekf\u00fcrd\u0151i f\u00fcrd\u0151 <strong>december 24-\u00e9n<\/strong> 8-t\u00f3l 14 \u00f3r\u00e1ig tart nyitva. <strong>December 25-\u00e9n \u00e9s 26-\u00e1n<\/strong> pedig 8-t\u00f3l 20 \u00f3r\u00e1ig v\u00e1rj\u00e1k a f\u00fcrd\u0151z\u0151ket.<\/p>\r\n<p><a href=\"https:\/\/termalfurdo.cafeblog.hu\/files\/2019\/12\/berekfurdo-gyogyfurdo-tel.jpg\"><img class=\"aligncenter  wp-image-4219\" src=\"https:\/\/termalfurdo.cafeblog.hu\/files\/2019\/12\/berekfurdo-gyogyfurdo-tel.jpg\" alt=\"Berekf\u00fcrd\u0151 gy\u00f3gyf\u00fcrd\u0151 t\u00e9l\" width=\"779\" height=\"519\" \/><\/a><\/p>","type":"rich","thumbnail_url":"https:\/\/termalfurdo.cafeblog.hu\/files\/2019\/12\/berekfurdo-gyogyfurdo-tel-150x150.jpg","thumbnail_width":150,"thumbnail_height":150}

Termál &amp; Fürdő

4 termálfürdős tipp karácsonyra

<ul>
<li>
<h2><span style="color: #3366ff">Mondjunk tippeket azoknak, akik termálfürdőben töltenék a karácsonyt. </span></h2>
</li>
<li>
<h2><span style="color: #3366ff">Nyugis, gyerekbarát, csúszdás és szabadtéri gyógymedencés fürdőt is ajánlunk.</span></h2>
</li>
</ul>
<p>A két ünnep közötti napokon és szilveszterkor sok hazai termálfürdő szinte nyári vendégforgalmat bonyolít. Ilyenkor rengetegen kerekednek fel, hogy valamelyik fürdőben töltsék a szabadnapjaikat.</p>
<p>Az viszont már valamivel újabb trend, hogy egyre több a karácsonyi fürdőző, hiszen sokan már december 25-én és 26-án is inkább kimozdulnának a lakásból. Ennek egyébként lehet olyan motivációja is, hogy karácsonykor azért még mindig kisebb a nyüzsgés a fürdőben, mint az ünnepet követő napokon, vagy pláne szilveszterkor.</p>
<p>A karácsonykor fürdőlátogatást fontolgatók számára összegyűjtöttünk négy olyan fürdőt, ahová érdemes lehet az ünnep alatt is ellátogatni. Mind a négy fürdő nyitva lesz karácsonykor - ez ilyenkor nem magától értetődő - és különböző igények esetén lehet jó választás.</p>
<p>A nyugis fürdőzést, a csúszdás élményfürdőt, a gyerekbarát fürdőt és a szabadtéri gyógymedencés lazulást keresőknek is ajánlunk egy-egy termálfürdőt.</p>
<h4><span style="color: #3366ff"><strong>Nyugis termálfürdő karácsonykor: Csiszta Fürdő</strong></span></h4>
<p>A kis termálfürdő Somogy megyében, azon belül is a Fonyódtól délre lévő Buzsákon található. Egyszerűbb, de nyugisabb fürdő, ahol fedett termálmedence is található. Tömegre, gyerekzsivajra itt nem kell számítani.</p>
<p>A nyitvatartási idő kapcsán érdemes tudni, hogy <strong>december 24-én</strong> nem nyitnak ki, viszont <strong>25-én és 26-án</strong> a szezonon kívüli rend szerint üzemel a fürdő. Viszont ez a "szezonon kívüli" nyitvatartás azt jelenti, hogy csak délben nyitnak és 18 órakor már zárnak is. A rövid nyitvatartási idő miatt a belépőjegyet is olcsóbban, mindössze 1000 forintért kínálják.</p>
<p><a href="https://termalfurdo.cafeblog.hu/files/2015/06/csisztafurdouj1.jpg"><img class="aligncenter size-full wp-image-2004" src="https://termalfurdo.cafeblog.hu/files/2015/06/csisztafurdouj1.jpg" alt="Csiszta Fürdő" width="640" height="480" /></a></p>
<h4><span style="color: #3366ff"><strong>Csúszdás fürdő: AquaPalota élményfürdő - Gyula</strong></span></h4>
<p>Ebben a hónapban ünnepli a megnyitásának hatodik évfordulóját a gyulai AquaPalota élményfürdő. Ezáltal az aktívabb vizes kikapcsolódást kereső vendégkör számára is vonzóbbá vált Gyula. A fedett élményfürdőben 900 négyzetméternyi medence és több beltéri csúszda is a vendégek rendelkezésére áll.</p>
<p>Ezek közül a két óriáscsúszda 10 méter magasból indul és különféle vizuális effektek teszik élvezetesebbé a lecsúszást. Az egyik hagyományos testcsúszda, a másik "fánkos" csúszda, azaz egy speciális gumimatraccal lehet lecsúszni. Egy enyhébb lejtésű családi csúszda is található a fürdőben, a széles csúszdán a szülők és a kisgyerekek akár egyszerre is csúszdázhatnak.</p>
<p>Az AquaPalota élményfürdő <strong>december 24-én</strong> 10-től 15 óráig, <strong>december</strong> <strong>25-én és 26-án</strong> pedig 10-től 19 óráig lesz nyitva.</p>
<p><a href="https://termalfurdo.cafeblog.hu/files/2014/05/aquapalota2.jpg"><img class="aligncenter  wp-image-358" src="https://termalfurdo.cafeblog.hu/files/2014/05/aquapalota2.jpg" alt="Aquapalota Gyula" width="726" height="481" /></a></p>
<h4><strong><span style="color: #3366ff">Termálfürdő pici gyerekkel: Zalakarosi Fürdő</span></strong></h4>
<p>Akik kisgyerekkel kelnének útra, azoknak kapásból a Zalakarosi Fürdőt ajánlanánk. Itt ugyanis egy külön fedett gyermekvilágot is kialakítottak a 0-12 éves korosztály számára. A kínálat többszintes élménymedencéből, gyerekcsúszdákból, vízi játékokból, "szárazföldi" játszótérből, sóhomokozóból áll. A részleg egyik különlegessége a gyermekszauna, amit 40-45 Celsius-fokra fűtenek fel. Mindezek mellett még baba-mama szoba is található a fürdőben.</p>
<p>A Zalakarosi Fürdő beltéri gyermekvilága <strong>december 24-én</strong> 9-től 15 óráig tart nyitva. <strong>December 25-én és 26-án</strong> pedig 9-től 21 óráig várják a gyerekeket és szüleiket.</p>
<p><a href="https://termalfurdo.cafeblog.hu/files/2019/12/zalakaros-gyerekvilag-elmenyfurdo.jpg"><img class="aligncenter  wp-image-4220" src="https://termalfurdo.cafeblog.hu/files/2019/12/zalakaros-gyerekvilag-elmenyfurdo.jpg" alt="Zalakaros gyermekvilág élményfürdő" width="767" height="511" /></a></p>
<h4><strong><span style="color: #3366ff">Szabadtéri gyógymedencés lazulás: Berekfürdői Gyógyfürdő</span></strong></h4>
<p>Sokan vannak, akik télen sem kedvelik a fedett fürdőket és a hidegben is inkább a szabadtéri termálmedencéket részesítik előnyben. Már ahol van erre lehetőség. Aki egy jó kis szabadtéri gyógyvizes medencében pihenné ki a bejglikómát, annak ideális választás lehet a Berekfürdőn található gyógyfürdő, ahol két szabadtéri medence egész évben üzemel. Akkor sincs gond, ha esetleg esne az eső, mert fedett részleggel is rendelkezik a fürdő, azaz végső esetben akár oda is behúzódhatnak.</p>
<p>A berekfürdői fürdő <strong>december 24-én</strong> 8-tól 14 óráig tart nyitva. <strong>December 25-én és 26-án</strong> pedig 8-tól 20 óráig várják a fürdőzőket.</p>
<p><a href="https://termalfurdo.cafeblog.hu/files/2019/12/berekfurdo-gyogyfurdo-tel.jpg"><img class="aligncenter  wp-image-4219" src="https://termalfurdo.cafeblog.hu/files/2019/12/berekfurdo-gyogyfurdo-tel.jpg" alt="Berekfürdő gyógyfürdő tél" width="779" height="519" /></a></p>
